t is 2 + -9c362a?
-9c3628
In base 8, what is -164501740 - -5?
-164501733
In base 12, what is -5202 + 1380?
-3a42
In base 16, what is 8db67 - -275?
8dddc
In base 4, what is 132131 - 3310?
122221
In base 2, what is -111000011011100111111 + 1?
-111000011011100111110
In base 13, what is -4 - 8a15589?
-8a15590
In base 13, what is 362 + 49c?
831
In base 8, what is 5576 - 55136?
-47340
In base 6, what is 223 - -53052550?
53053213
In base 8, what is 6237431470 + 4?
6237431474
In base 9, what is -1 + 1143547?
1143546
In base 6, what is 30232535 - -154?
30233133
In base 9, what is 45364000 - -2?
45364002
In base 5, what is 0 + -44124333?
-44124333
In base 12, what is -77a8b5 + -2?
-77a8b7
In base 6, what is 5 + 3104501023?
3104501032
In base 4, what is -1120203113 - -23213?
-1120113300
In base 8, what is -7563 - 106123?
-115706
In base 6, what is 0 + -110321231?
-110321231
In base 14, what is -5 - 1a809ab8?
-1a809abd
In base 8, what is 121 + 144000?
144121
In base 4, what is -31000023 - 1?
-31000030
In base 12, what is 2229 - -a23?
3050
In base 12, what is -2a61 - 4829?
-768a
In base 4, what is 111231300 + -20103?
111211131
In base 16, what is -7c227 - 2?
-7c229
In base 13, what is -4 + -1045997?
-104599b
In base 6, what is -2 - -35254214?
35254212
In base 11, what is -185a1251 - 4?
-185a1255
In base 6, what is -410 - 3022134?
-3022544
In base 5, what is -140422100240 + -2?
-140422100242
In base 2, what is -10010110010110001110100011 + 10?
-10010110010110001110100001
In base 5, what is 30113 - -102301?
132414
In base 2, what is -11000001010 - 100100010110?
-111100100000
In base 16, what is a + b92ab?
b92b5
In base 2, what is 100 + 1100100001010101111100?
1100100001010110000000
In base 7, what is -110 + -1551460?
-1551600
In base 9, what is 2 - 2704546?
-2704544
In base 10, what is 2507137 - 1?
2507136
In base 10, what is 14301 - 11617?
2684
In base 3, what is 11 + 110212121111000?
110212121111011
In base 13, what is 26 - 131900?
-1318a7
In base 10, what is 1 + 1201610?
1201611
In base 6, what is 201 - 53214115?
-53213514
In base 11, what is 13 - -2887873?
2887886
In base 7, what is -24035415 - -3?
-24035412
In base 11, what is 19348883 + -2?
19348881
In base 13, what is 5b58ca + -4?
5b58c6
In base 11, what is 21742506 - -2?
21742508
In base 11, what is -5 + -50371a5?
-50371aa
In base 10, what is 64 - -7810?
7874
In base 11, what is 222942 - 0?
222942
In base 7, what is 1160 + 21126?
22316
In base 8, what is 5 - 4245211?
-4245204
In base 7, what is 4652413 + -42?
4652341
In base 4, what is 3 + 21312231320?
21312231323
In base 13, what is -5467 - -93b?
-4829
In base 4, what is -3112 - 130303200?
-130312312
In base 12, what is -14 + 27a5449?
27a5435
In base 2, what is -1000 - -1100100011000100000011110?
1100100011000100000010110
In base 10, what is 29 - -2779?
2808
In base 13, what is 4268 + 196?
4431
In base 12, what is -1 + 6820284?
6820283
In base 8, what is -602 - -413630?
413026
In base 6, what is -13251114 - -512?
-13250202
In base 14, what is 53 - 3c1bb32?
-3c1babd
In base 12, what is -2bab3 - 5aa3?
-35996
In base 12, what is -1874 - -1ba7?
333
In base 7, what is -46504406 - 143?
-46504552
In base 4, what is -1120132 - -12133?
-1101333
In base 12, what is -105 - bb8?
-1101
In base 2, what is -101111 - 110010000011011100?
-110010000100001011
In base 13, what is 1 - -661041?
661042
In base 8, what is 325004475 + 3?
325004500
In base 7, what is -5456134 - 1016?
-5460153
In base 10, what is -271527 + -156?
-271683
In base 8, what is 0 - -15735440?
15735440
In base 2, what is -1 - -10001000111111010001000?
10001000111111010000111
In base 15, what is 7219520 - 2?
721951d
In base 2, what is 11010100 - -1001100010001?
1001111100101
In base 6, what is 15155343 - 11?
15155332
In base 4, what is 12 - 13002102011?
-13002101333
In base 6, what is 111142 + -2504?
104234
In base 7, what is 3646210 + 6?
3646216
In base 14, what is 15437 + 4b?
15484
In base 15, what is -52b47e + 2?
-52b47c
In base 13, what is 806 + -52a4?
-479b
In base 9, what is -5888 - 2614?
-8613
In base 9, what is -15574 - 7441?
-24125
In base 13, what is -2a46 + -1882?
-45c8
In base 16, what is -2dae8 + 35?
-2dab3
In base 5, what is 241121012 + 2300?
241123312
In base 3, what is -22200012021212 - 110?
-22200012022022
In base 5, what is 2212243143 - 33?
2212243110
In base 7, what is 3 + 6513504?
6513510
In base 4, what is 1100323310101320 - 10?
1100323310101310
In base 15, what is 1103a239 - 4?
1103a235
In base 6, what is 4 - 3502513304?
-3502513300
In base 12, what is 264 + -7898?
-7634
In base 8, what is 1621 + 243415?
245236
In base 6, what is -204521132 + -433?
-204522005
In base 7, what is -35445511 - 0?
-35445511
In base 2, what is -10111111110000101011011 + 101?
-10111111110000101010110
In base 14, what is -26c583a8 + 5?
-26c583a3
In base 5, what is -1 + -1302210004?
-1302210010
In base 10, what is -262755922 + -1?
-262755923
In base 7, what is 1 - 1512236501?
-1512236500
In base 4, what is 102123111021001 + 10?
102123111021011
In base 5, what is 13314332202 + 0?
13314332202
In base 6, what is -15 + 353022224?
353022205
In base 8, what is -36566 + -1512?
-40300
In base 8, what is 0 + -146701440?
-146701440
In base 4, what is -1333223200 - -110333?
-1333112201
In base 15, what is 48 - 2265d0?
-226587
In base 2, what is -101100011010010001101 - 10110?
-101100011010010100011
In base 12, what is -6a0a8 - 207a?
-70166
In base 15, what is -202 - -1125c?
1105a
In base 15, what is 295a - -1531b?
17c76
In base 15, what is 62933e + 0?
62933e
In base 6, what is -224022032 - -22?
-224022010
In base 5, what is 13412 + 134411?
203323
In base 3, what is -20221 + 202101202?
202010211
In base 5, what is 102103130340 + -20?
102103130320
In base 9, what is -3430 - -11101?
6561
In base 4, what is -103 + -3330230?
-3330333
In base 5, what is -10 + 3232431414?
3232431404
In base 6, what is 1034 - -1141345?
1142423
In base 9, what is -2165 - 35100?
-37265
In base 5, what is -414 - 12330133?
-12331102
In base 14, what is d130b8 + -1?
d130b7
In base 13, what is b443 - c49?
a4c7
In base 7, what is -5602452630 + 0?
-5602452630
In base 5, what is 4 + 213022121?
213022130
In base 3, what is 201221 + 1220102222?
1221011220
In base 3, what is -12 + -1200122012021022?
-1200122012021111
In base 15, what is 1 - 1796782?
-1796781
In base 8, what is 1 - 2661270?
-2661267
In base 9, what is -7 + 11100066?
11100058
In base 9, what is 46202 + 228?
46431
In base 7, what is -10226 + 101255?
61026
In base 4, what is -3 - -12211330121223?
12211330121220
In base 16, what is -1e + 4f6ab2?
4f6a94
In base 4, what is -102213211030 + 10?
-102213211020
In base 5, what is -11014 - 44303303?
-44314322
In base 4, what is 11113230112 - -31?
11113230203
In base 10, what is -2 + 100054725?
100054723
In base 10, what is -3958 - -720?
-3238
In base 12, what is 4 + 13679989?
13679991
In base 9, what is -311046 - -702?
-310244
In base 15, what is 6aec - -1c1a?
8817
In base 9, what is 5 - 5673?
-5667
In base 13, what is 22230 + 254?
22484
In base 10, what is 8 + 35537542?
35537550
In base 3, what is -102101101 - -1002112?
-101021212
In base 5, what is -4004211303 + 10?
-4004211243
In base 13, what is 4 - 1765ab?
-1765a7
In base 13, what is 143 - -142833?
142976
In base 9, what is 4 - 16031072?
-16031067
In base 15, what is 2 - -43106?
43108
In base 4, what is 1112113 - 210301?
301212
In base 10, what is 367 + -143208?
-142841
In base 12, what is 640b89 - 6?
640b83
In base 5, what is -414123124 - -1?
-414123123
In base 12, what is 11 + -870968?
-870957
In base 8, what is -2 + -12145654?
-12145656
In base 13, what is 19 - -1362b2?
1362cb
In base 7, what is -4026321 - 65?
-4026416
In base 7, what is -5 - -1213661266?
1213661261
In base 10, what is -5 + 324589485?
324589480
In base 4, what is 11 - -3211123232121?
3211123232132
In base 10, what is 9 - 1871793?
-1871784
In base 5, what is -3432032 - -10014?
-3422013
In base 11, what is -3508 + 1a13?
-15a5
In base 2, what is 11 + 1111001000000010101110?
1111001000000010110001
In base 9, what is -12 - -16707102?
16707080
In base 2, what is -11100 - 1110110010001010?
-1110110010100110
In base 8, what is 36670700 + -2?
36670676
In base 14, what is a + -102673?
-102667
In base 10, what is 60 - -1342977?
